
-25
Calculate 32 - (-9 - 19 - -24) - -13.
49
Calculate -40 + -2 + -30 + 32 + -7 - 10.
-57
What is -62 - ((-8 - 0) + 3 + -3 + (-621 - -628))?
-61
Evaluate (-11 - 8) + 7 + 4 - 44.
-52
Evaluate 1 + 11 - (35 + 65 - 81).
-7
What is -152 + (27 - -20) + 52?
-53
Calculate -7 + 19 - ((-18 + 11 - -1) + 52).
-34
What is -100 + (61 - 71 - (4 - -1 - (12 - 2)))?
-105
What is the value of 5 - 5 - 8 - (11 - 43)?
24
6 - 9 - (-1 + (2 - 11 - -9 - -1))
-3
72 + -40 + -11 + -14 - 87
-80
What is -2 + -11 + (621 + -683 - (-31 + 1))?
-45
Evaluate 63 - (59 - (0 + 9)).
13
36 + 10 + 37 + -32
51
What is the value of 3 - -2 - (-39 + 4 + 10 - -30)?
0
What is 20 + (-21 - -33) + 27 + -77?
-18
What is (32 + -62 - -5) + 65?
40
What is the value of 5 + (55 - (32 + 27) - (1 + -4))?
4
Evaluate 76 - (-180 + (82 - -46)).
128
-78 + (21 - -15) + (13 - 1) + 3 + 10
-17
Calculate (-2 - -1) + 38 + 105 + -101.
41
What is (-11 - -3) + 22 + (22 - 6) + -44?
-14
(-4 + 29 - -43) + -66
2
What is the value of -4 - 37 - (-27 - -2) - -75?
59
What is the value of (-10 - 5) + (52 - 26)?
11
-59 + (-148 - -203) - (39 - -1)
-44
What is the value of -134 - -118 - -60 - 95?
-51
What is the value of -8 - (-21 + -18 - 1)?
32
Evaluate (99 + -85 - 93) + (2 - (-1 + -2 + 2)).
-76
(-73 - -86) + (53 - 73)
-7
What is -15 + 5 + -27 + (69 - 17)?
15
Evaluate (74 - (0 + 54)) + 20.
40
What is the value of -5 + -5 + (14 - (14 + 0)) + 26?
16
Calculate 38 + (48 - 9) + -46.
31
Evaluate -1 + -40 - ((-38 - (-14 + -8)) + 23).
-48
Calculate 16 + -15 - -25 - (-15 + (5 - -1)).
35
-442 - -408 - (2 + 1)
-37
-68 - (-23 - (-31 + 12 - -4)) - -3
-57
Calculate -18 + (55 - (43 + -49)).
43
What is -41 + (31 - -20 - -8)?
18
-1 + -21 + -6 + 18 + 21 + 49
60
What is -9 + (248 - 263) + 0 + 1 + 17?
-6
What is -7 + -19 + 11 + -42 + 9 + -9?
-57
Evaluate (-3 + 10 - (-18 + (30 - 4))) + 21 + -8.
12
What is 12 + -10 + 49 - -1?
52
Calculate -9 + (18 + 5 - -83).
97
Evaluate 64 + 1 + -279 + 87.
-127
What is the value of (-2045 - -1995) + 8 + 2?
-40
Evaluate 23 - 2 - (20 + (-13 - -31)) - -23.
6
Evaluate -30 + -4 + -1 + 14 + -22 + 13 + -9.
-39
-1 + -17 - 1 - (15321 - 15277)
-63
75 + (0 + -4 - (-4 - (-20 - (11 - 26))))
70
Evaluate -47 + -57 + 3 + -7 + -8 + 27 + -17.
-106
Calculate -21 + (-65 - (-102 - -24)).
-8
Calculate -36 + 43 + -26 + 7 - -13.
1
What is the value of 97 + -108 + (-7 - -59)?
41
Evaluate -2 + (1 - (-2 - -4)) + -51004 + 51016.
9
Evaluate (23 + -33 - 19) + -10 + (2 - 4).
-41
Calculate (4 - -52) + 181 + -192.
45
-40 - ((23 - 17) + -26 - -7)
-27
What is -67 + -1 + -4 + (7 + -7 + -6 - -7)?
-71
Evaluate 1495 + -1525 - (-38 + -1).
9
Calculate (60 - (56 + -11)) + -19.
-4
What is 0 + -43 - -1 - (0 + 11)?
-53
What is (9 - 1 - 3) + 8 - (-1417 + 1454)?
-24
What is (426 - 421) + -20 + 0 + -17?
-32
Evaluate 63 + -8 + (-10 + -15 + 0 - -12).
42
What is the value of 1 - (64 + -158) - (3 + -7)?
99
19 - (6 - (-5 + -8 + 6 + -3))
3
-8 + 0 - -12 - -7 - (-15 + 19)
7
What is the value of (8 - 24 - 24) + -3?
-43
25 - (-4 - (23 - 27) - -54)
-29
What is the value of 43 + -53 - -98 - (13 - 2)?
77
What is -115 + -18 - (-8 - 254)?
129
Calculate -9 - (-4 + 1 - (20 - (-12 - -34))) - -63.
55
What is the value of (1 + -2 - 6) + 3 - (-2487 - -2439)?
44
What is the value of 12 + (25 - ((-12 - -26) + 3)) - -9?
29
What is (2 - -4) + 0 + 0 + (33 - (48 - 25))?
16
-10 + 20 + -40 - -8 - -18 - (1 - 52)
47
Evaluate 9 - -2 - (-428 + 394).
45
What is the value of -10 + (-5 - 7) + -22 - -18?
-26
Evaluate -66 + -38 - (8 + 25 + -40).
-97
What is the value of -9 + -2 + (-20 - 32) - (-8 - 22 - -15)?
-48
Calculate -67 + (-56 - 48) + 114.
-57
What is (3 - -7) + (-27 - (-26 + -6)) - -9?
24
Calculate (2 - 42 - -79) + (-3 - (-16 - -3)) + -2.
47
-584 + 597 - (4 - (2 - -25))
36
Evaluate 87 - -1 - (-45 + (33 - -32 - 27)).
95
What is the value of 48 - (139 + -62 - (-5 - -35))?
1
(-23 - 9) + 11 + 9 - -70
58
Evaluate (4 + -43 - -27) + 1 + 11 + 8.
8
-88 + -2 - ((154 - 116) + -48)
-80
Calculate 123 - 126 - (6 - (-6 + (4 - -15))).
4
Evaluate -15 + 0 + 0 + -55 + 56 + 54.
40
What is the value of 10 - (12 - 6) - (-10 + (-8 + 8 - -3))?
11
What is -13 + 8 + -37 + (12 + -13 - (-4 - 6))?
-33
What is the value of (93 + -48 - -6) + -6?
45
(-19 + 24 + 14 - 4) + 7
22
Evaluate -1027 + 1058 + (-2 + 0 - -10).
39
What is the value of (25 - 3) + -3 + -42 + -90?
-113
Calculate -7 + -2 + 106 + 15 + (-58 - -31).
85
-11 + -3 + -4 + -124 + (18 - 19)
-143
What is (-149 - -309) + (-162 - -53)?
51
Evaluate ((-2 - 10) + (-22 - -36) - 88) + 11 + -4.
-79
What is (-12 - (-42 + 50)) + 32?
12
What is (-102 - 3 - -48) + 30?
-27
What is -113 + 35 - (-23 - -34)?
-89
Calculate 160 - (232 + -113) - (-34 - -1).
74
Calculate 19 - (-93 - -113 - (0 - (-16 + 5))).
10
Evaluate -15 - -17 - (-142 - -186).
-42
Evaluate (-14 - (-4 + -9 + 17 - 15)) + -31.
-34
What is the value of 3 - -5 - ((9 + 0 - 7) + 6 + -18)?
18
What is -26 + -6 + (33 - 50)?
-49
Calculate 0 + 10 + 1 + (69 - 68) + -23.
-11
Calculate -39 - (-7 - -26) - -100.
42
What is -13 - ((4 - (4 - (-4 - 0))) + 23 + -109)?
77
Evaluate -7 - -175 - (-767 - -817).
118
Calculate 142 + -172 + (-2 - -13) + -37.
-56
What is (-11 + (-4 - 20) - 7) + -1?
-43
What is -44 - (15 + (-5 - 59))?
5
Evaluate 127 + -58 + 6 - 124.
-49
Calculate -4 + 40 + (-7 - -1) + 15 + -13.
32
Evaluate 1 + (23 - 32) + 36 - (5 + -2 + 0).
25
(10 - 65 - -10) + 5
-40
What is (-11 - 12) + -21 + 43 - -48?
47
What is the value of (332 - 308) + (-36 - 4)?
-16
What is -13 - (-47 - (40 - 35))?
39
What is -23 + (97 - (-51 - -116))?
9
What is -4 - -19 - (33 - -3)?
-21
Calculate 1 + 43 + (407 - 433) - 17.
1
Evaluate (7 - (8 - (19 + -2))) + -24 + 13.
5
Calculate -1 + (-13 - (7 - 4)) + 43.
26
Evaluate (-84 - -97) + 0 + -4 + -9 + 5.
5
Evaluate 2 + -7 + (8521 - 8580).
-64
What is (-4 + 67 - 3) + -26 - -13?
47
Evaluate 7 - 18 - (2912 - 2990).
67
What is (-53 - 78) + 120 + 129?
118
5 + 1 + (-1 - 5 - (-44 + 5))
39
Evaluate 32 - -68 - (3 - (5 - (10 - 7))).
99
Calculate (-46313 - -46333) + (-2 - (145 + 2)).
-129
Evaluate 16 - (-12 - (0 + -12 + -4 + 13)).
25
24 - ((7 - 6 - -11) + (1 - (3 - -1)))
15
Calculate 76 + -141 + 31 + 71.
37
(-1 - -30) + 0 - (-286 + 498 + -222)
39
Calculate -11 + 14 + (51 + -1 - (92 + -96)).
57
-40 + (-13 - (7 - (10 + 22 + -12)))
-40
Calculate -53 - (12 - -3 - (2 - (-13 - (25 + -38)))).
-66
What is -76 + -12 + 56 + -10?
-42
Calculate -10 - 3 - (73 - 102 - 22).
38
Evaluate (9 - (7 + 8 + -4)) + -73 + 0.
-75
Calculate (10 - -18) + (70 - 93).
5
What is the value of 44 - (-12 - 9 - (38 + -31))?
72
Evaluate ((-51 - -37) + -16 - -3) + 1 + 8.
-18
-20 - -1 - (-65 - -5 - -36)
5
Calculate 0 - 1 - -5 - 1 - (87 - -212 - 334).
38
What is the value of 26 + (-189 - -160) - (0 - (-1 - 0) - 0)?
-4
83 - (1 - -14 - (656 - 654))
70
Evaluate -16 - 8 - (-153 - -228).
-99
What is -15 - (-24 - (-11 - -4)) - 63?
-61
(-444 + 439 - (11 + -2)) + 0 + -12
-26
What is 12 - ((37 - 61) + 66)?
-30
Calculate -78 + -9 - -110 - (2 + -1 + 1).
21
What is the value of 22 - (-18 - (25 - 19 - -16 - 14))?
48
-7 + 0 - (-1 + 3) - (1891 - 1898) - 20
-22
What is 2 + (-8 + 13 - 17) + -46 + 38?
-18
6 + (43 - -18) - -27
94
What is (10 + -1 - 10) + 1 - (-9 + -13)?
22
What is the value of (370 - 428) + 17 + 2?
-39
Calculate -4195 - -4224 - (-48 - 2 - 3).
82
-11 + 114 + -208 + 1 + 0 + -15
-119
(-4 + 2 - (-15 + (9 - 5))) + -168 + 118
-41
What is the value of (0 - 4) + -1 + (-1250 - -1248 - (1 - -1))?
-9
(11 - -5) + (7 - (-2 - -19) - -47)
53
What is the value of 0 + -1 + 5 - 14 - (-79 - (2 + -15))?
56
What is -3 + 7 + -53 + (8 - 2 - 3 - 1)?
-47
What is 10 + (8 + -7 - -19 - (8 + 0))?
22
Calculate -62 + 115 + -69 - 11.
-27
What is the value of -149 - 66 - -205 - (-87 + 0)?
77
What is the value of (-18 - -17) + -8 + -27 + -8 - -16?
-28
Evaluate 2 + 8 - (-905 + 911).
4
What is (-6 - -12 - (25 + -35)) + 7?
23
-40 + (-9 + 2 - -5) + 0 + -3 + 3
-42
What is the value of (264 - 262) + 1 + 30?
33
What is (-2 - (-5 - (-6 + (3 - -1)))) + (-5 - -78)?
74
What is -41 - (34 - 48) - -46?
19
Calculate 0 + 6 + -1 + (59 - -3) + (-113 - -73).
27
What is (-17 - 7) + 124 + -154?
-54
Evaluate -5 - (8 - 3 - (-1 + 7 + -3) - 10).
3
What is (448 - 470) + -3 + 1 + 61?
37
6 + (-91 - -103 - (0 - -8)) + 60 - -4
74
(-78 - (-214 - -75)) + -110
-49
What is -28 + -7 + 64 + -10 + 6?
25
Calculate -102 - (-27 - 0